be p(26). Give w(o).
-6
Suppose 28 + 27 = 5*j. Suppose j*w = 14*w - 9. Let m(d) = -d**3 + 3*d**2 + 4*d - 4. What is m(w)?
8
Let u(o) = o**2 + 6*o - 2. Let r(k) = -2*k + 1. Let h be r(3). Give u(h).
-7
Let h(w) be the third derivative of -w**6/20 + w**4/24 + w**2. Let g(y) = -y + 11. Let p be g(11). Suppose -t = -4*q - 2 - p, 0 = q - 3*t - 5. Calculate h(q).
5
Let k(d) = -2*d**2 + d + 4. Suppose -4*r = 3*r + 21. What is k(r)?
-17
Let z(w) = w**2 + 6*w + 6. Let o be (-5 + (9 - 6))*(-5)/(-2). Give z(o).
1
Let i = 6 + -3. Suppose -i = 3*x + 6. Let q(a) = a + 3. Calculate q(x).
0
Let s = 3 - 8. Let h(y) = 9*y + 9. Let c(d) = -22*d - 22. Let t(w) = s*c(w) - 12*h(w). What is t(2)?
6
Let i(u) be the first derivative of -u**3/3 - 9*u**2/2 - 7*u + 5. Let p be i(-8). Let h(c) = 7*c + 1. What is h(p)?
8
Let a = 82 - 79. Let h(x) be the first derivative of 2 + 2*x + 2*x**2 - 1/3*x**a. Determine h(4).
2
Let t(r) = -4*r - r**2 + 5*r**2 - 4 + 2 - 5*r**2. Calculate t(-5).
-7
Let n(t) = t - 1. Let p be n(4). Let s = 14 - 9. Let r(c) = 3 + s*c - p. Determine r(1).
5
Let r(t) = -t**2 + 2*t. Let x(f) = 4*f**2 + 0*f**3 - 2*f**3 + 3 + f**3 - 10*f**2. Let s be x(-6). Determine r(s).
-3
Let h(j) = -5*j**3 + 6*j**2 + 5*j + 1. Let c(s) = 9*s**3 - 12*s**2 - 9*s - 2. Let u(w) = 6*c(w) + 11*h(w). Give u(-6).
-7
Let r(v) = -7*v - 1. Let u be 4/6 + 32/6. Let s(a) = -8*a - 1. Let f(g) = u*s(g) - 7*r(g). Let q be 12/9*1*-3. Calculate f(q).
-3
Let q(a) = -6*a**2 - 14*a + 20. Let p be (-6)/(-15) - 34/10. Let z(v) = 2*v**2 + 5*v - 7. Let l(g) = p*q(g) - 8*z(g). Calculate l(-3).
8
Suppose 0 = u - 3*u + 2, -3*u + 13 = 2*i. Suppose 0 = -n - 5, 4*x - i*n + 4 = 49. Let j(v) = -3*v - 2 + x*v - 3*v + 10. What is j(0)?
8
Let q = -10 - -12. Let z = q - -1. Let g(a) = a**3 - 3*a**2 - a. What is g(z)?
-3
Let x(l) = -l**2 - 5*l - 5. Let y be x(-6). Let t = 15 + y. Let j(f) be the first derivative of -f**4/4 + f**3 + 3*f**2 - 5*f - 2. Determine j(t).
3
Let t(l) = -l**3 - l**2 + 5*l + 3. Let s = 13 - 16. Calculate t(s).
6
Let n = 14 + -10. Let y(z) = -3 + z**2 - 4*z + n - 2*z**2. Calculate y(-4).
1
Let w(y) = 4*y**2 + 6*y - 2. Let b(u) = u**2 + u. Let d(n) = -5*b(n) + w(n). Let o(x) = 5*x**2 - 1 + 2 - x**3 - 5*x + 5. Let h be o(4). What is d(h)?
-4
Let k(q) = -q + 7. Let u = 8 - 1. Let t = -3 + u. Give k(t).
3
Let g(b) = b**3 - 9*b**2 + 5*b - 3. Let v(l) = -3*l**3 + 26*l**2 - 14*l + 8. Let k(w) = -11*g(w) - 4*v(w). Determine k(5).
6
Let d = 8 + -5. Let k(v) = v**3 + v**2 + 4*v + 0*v**2 + 1 - 2*v**3. Give k(d).
-5
Let z(d) = -d**3 + 4*d**2 - d - 2. Let q = -33 + 36. What is z(q)?
4
Let p(c) = -c**3 - 6*c**2 - 2*c - 8. Suppose -5*x = -0*x + v + 31, 5*x + 28 = 2*v. Calculate p(x).
4
Let v = -11 + 8. Let j(h) = 1. Let x(i) = -i + 1. Let u = 7 - 9. Let z(a) = u*x(a) + 2*j(a). Determine z(v).
-6
Suppose -3*g + 3 = k - 2, 2*g = -3*k + 15. Suppose g = -3*y - y. Let c(p) = -4 + 0*p + y + 7*p - p**2. Give c(5).
6
Let p(m) = 9*m - 6. Let l(d) = -d + 1. Let y(o) = 5*l(o) + p(o). Let x be 0/((2 + -1)*-1). Let j = x - -2. What is y(j)?
7
Let o(k) = -k**2 + 3*k + 7. Let c(p) = 7*p + 1. Let d(x) = x + 1. Let l(v) = -c(v) + 6*d(v). Let u be l(-6). Let h be 57/u + 6/(-33). Calculate o(h).
-3
Let k be 1 + 2 + -3 + -3. Let p(i) = i**2 + 2*i - 2. Calculate p(k).
1
Let u(x) = 7*x**3 + 14*x**2 + 23*x + 5. Let f(y) = 4*y**3 + 7*y**2 + 12*y + 2. Let o(c) = 5*f(c) - 3*u(c). Determine o(-6).
13
Let p = -19 + 15. Let n(d) = 3 - 9*d**3 - d**2 - 4*d - d + 1. Let t(q) = -8*q**3 - q**2 - 4*q + 3. Let v(r) = p*t(r) + 3*n(r). Calculate v(-1).
-5
Let d be ((-10)/4)/((-2)/4). Let m(s) = -8*s**3 + s - d*s + 3*s - s**2. Determine m(-1).
8
Let q = 18 - 14. Let m(h) be the second derivative of 0 - 3/20*h**5 + h + 1/2*h**2 + 1/6*h**3 - 1/12*h**q. Determine m(-1).
2
Let p(r) = r + 5. Let u be p(0). Let n be -2 + -1 + 1 + 2. Let x(i) = 0*i - 5 + i + n*i - 6. What is x(u)?
-6
Let h(u) be the second derivative of u**3/3 + u**2/2 + 4*u. Let k be 2/13 + (-120)/104. Give h(k).
-1
Let k(p) be the first derivative of -p**3/3 - p**2 + 4*p - 1. Let z = 11 - 9. Let j(o) = -5*o**2 - 9*o + 20. Let w(t) = z*j(t) - 11*k(t). Give w(-4).
-4
Let r(h) be the third derivative of -h**8/20160 + h**7/1260 - h**6/720 - 11*h**5/60 + 6*h**2. Let q(w) be the third derivative of r(w). What is q(4)?
-1
Let o(w) be the first derivative of -1/8*w**4 + 1 + 0*w - 1/120*w**6 + 1/60*w**5 + 1/2*w**3 - w**2. Let v(s) be the second derivative of o(s). Determine v(2).
-7
Let t = 23 - 31. Let g = 7 + t. Let k(p) = 2*p - 1. What is k(g)?
-3
Let s(i) be the third derivative of -i**2 + 0*i - 1/6*i**3 - 1/24*i**4 - 1/120*i**6 + 0 - 1/60*i**5. Determine s(-1).
0
Let g(s) be the second derivative of -s**3/6 - 3*s**2/2 + s. Let t be g(-9). Suppose 0 = 2*j + j + t. Let d(z) = z**3 + 2*z**2 + 2*z. Give d(j).
-4
Suppose -a - a - 8 = 0. Let f(n) = n**2 + 5*n - 3. What is f(a)?
-7
Let z(s) = s. Let v(h) = -h**3 + 7*h**2 + 4*h + 8. Let g(w) = -v(w) + 4*z(w). What is g(7)?
-8
Let n(w) be the third derivative of w**5/60 + 3*w**4/8 + w**3 - 7*w**2. Give n(-7).
-8
Let f(o) = 2*o - 5. Let a(y) = 2*y - 4. Let m(z) = -5*a(z) + 4*f(z). Let d(j) = j**2 - 7*j + j**2 - 9*j**2 + j**3 - 9. Let g be d(8). Give m(g).
2
Let d = -1 + 3. Suppose 5*z = d*j - 7, j + 10 = -0*z - 2*z. Let n(u) = 3*u - 3*u + 2*u - 2. Calculate n(z).
-8
Let p(z) be the third derivative of z**6/120 - 7*z**5/60 - z**4/3 + z**3 + 4*z**2. Let i be p(8). Let g(c) = c**2 - 4*c - 4. Determine g(i).
8
Let k(j) = -j**3 - 3*j**2 + 2. Let q be k(-3). Let h(v) = 4*v**q - 1 + v**3 - 5*v - 3 + v. Let a be 1/((-2)/(-5))*-2. Give h(a).
-9
Let q(c) = -c - 7. Let v be q(-5). Let h(m) = -m**2 + 4*m - 2. Let t be h(3). Let u(z) = -t - 4*z**2 - z**2 + 3*z**2. Determine u(v).
-9
Let n(q) = -4*q**2 + 4*q + 1. Let f(w) = -w**2 - w + 1. Let k(x) = -2*f(x) + n(x). Let s(r) = 3*r - 3. Let v be s(5). Let d be ((-8)/v)/(2/(-12)). What is k(d)?
-9
Let v(b) = 4*b - 9. Let z(h) = h - 2. Let r(u) = 2*v(u) - 9*z(u). Give r(-5).
5
Let i(x) = -x**3 + 6*x**2 + x + 2. Let w be (-16)/6*9/(-4). What is i(w)?
8
Let k = 24 + -29. Let h(b) = 2*b + 6. What is h(k)?
-4
Let r(b) = b**2 + 3 + 2*b**2 - 5*b**2 - 3*b. What is r(2)?
-11
Let n = 8 + -5. Let d be ((-1)/n)/(3/(-45)). Let p(f) = f + 1 + 2*f - 5 + 5 + d*f**2 + f**3. Determine p(-4).
5
Let a(v) be the second derivative of 3/2*v**3 - 3*v + 0 - 7/2*v**2 - 1/12*v**4. What is a(8)?
1
Suppose 72 = 4*h - 3*r + 13, 2*h - r - 31 = 0. Suppose 0 = -4*d - 5 + h. Let i(g) = -6 + 8 - d*g + 4*g - 2*g. What is i(5)?
-3
Let y = 45 + -46. Let p(q) = -8*q**2 - 2*q - 1. Give p(y).
-7
Let f(y) = -1 + 4 - 2*y + 10*y**2 - 1 - 1. Let o be (3/(-6))/(1/(-2)). Give f(o).
9
Let r(h) = -7*h**2 + 1. Let i be r(-1). Let u(s) = s + 8. Let k be u(i). Let v(x) = -8*x**2 - 6*x**2 - 2 + 13*x**2 + 3*x. What is v(k)?
0
Let l(j) = 0 + 5 + j - 4. Let c = 69 + -74. Calculate l(c).
-4
Suppose 4*o - 26 = 3*j, 3*j - 3*o - 12 = 6*j. Let w(n) be the first derivative of n**4/4 + 7*n**3/3 + 4*n**2 + 5*n + 257. What is w(j)?
-7
Let d(s) = 4*s. Let r be d(1). Let n(v) = v**2 - v - 2 + r - 2. Determine n(0).
0
Suppose 5*s + 36 = 6. Let z(h) = h**3 + 7*h**2 + 8*h + 9. Let q be z(s). Let g(n) = -2*n**3 + 2*n**2 - 2*n + n**3 - 1 - 6*n**2. Determine g(q).
-4
Let o(c) = 2*c**2 - 8*c**2 - 1 + 2*c + c**3 + 5*c. Let y(t) = -t**2 - 3*t + 15. Let m be y(-5). Give o(m).
9
Let m(s) = s**3 - 7*s**2 - s + 10. Let c be m(7). Let l be c/((-6)/(-2))*2. Let z(o) = o**3 - 3*o**2 + 3*o. What is z(l)?
2
Let h be (-12)/60 - (-8)/15. Let k(y) be the third derivative of 1/15*y**5 + 0*y + y**2 + 0 - h*y**3 - 1/120*y**6 + 0*y**4. Determine k(2).
6
Let g(h) = h - 1. Let w(m) = -m**3 - 5*m**2 - 9*m + 8. Let y(n) = -4*g(n) - w(n). Suppose -3*t - 12 = -0*t. Give y(t).
-8
Let c(i) be the third derivative of -i**4/24 + i**3/6 + 5*i**2. Determine c(5).
-4
Let s = -18 + 16. Let z(g) = -3*g**2 - 4*g - 3. Calculate z(s).
-7
Let h(d) = -7*d**2. Let f be h(1). Let i(a) = 2*a + 10. What is i(f)?
-4
Let a(j) = -9 + 8 + 0*j**3 - j**3 - j - 1. Determine a(0).
-2
Suppose -14*p - 3 = -15*p. Let v be 1/p*15/1. Let a(i) = i**3 - 6*i**2 + 2*i + 6. Give a(v).
-9
Let w(a) be the third derivative of 1/20*a**5 - 1/120*a**6 - 4*a**2 + 0*a - 1/6*a**3 - 1/24*a**4 + 0. Give w(2).
1
Suppose 4*x = -5*d - x + 20, -5*